 0*w - w - 91 = 0, -s*b + 3*w = -225. Calculate the greatest common divisor of b and 16.
16
Let d be (-16)/(-24)*18/4. Let c be (-1)/((-45)/(-48) - 1). Suppose s - c - 17 = 0. What is the greatest common factor of s and d?
3
Let h(f) = -f**2 - 25*f + 39. Let i be h(-21). Let u(z) = z**3 - 7*z**2 - 10*z + 10. Let b be u(9). What is the greatest common factor of i and b?
41
Suppose 3*o - 211 = 2*b, -4*o - 2*b + 278 = -4*b. Suppose -3*r = -5 - o. Calculate the highest common divisor of r and 56.
8
Let f be -1*(-3)/15 - 22048/(-160). Calculate the highest common divisor of f and 230.
46
Let n(i) = 49*i**2 - 2*i. Let g be n(-1). Calculate the highest common divisor of g and 2091.
51
Let l = 30 - -78. Suppose 11*r - 15*r + 48 = 0. What is the greatest common factor of l and r?
12
Suppose 0 = -0*j - 3*j + 54. Suppose 4*m + v - 218 = 0, -3 = 2*v + 1. Let k = -19 + m. Calculate the highest common factor of k and j.
18
Suppose 8*m - 126 = 2*m. Suppose h - 8*h = -m. Calculate the highest common factor of h and 15.
3
Let d be (-4)/(8/(-26))*44. Calculate the highest common factor of d and 66.
22
Let x(n) = -58*n - 121. Let y be x(-8). Calculate the highest common factor of 49 and y.
49
Let c be (-6)/((-60)/34) - (-2)/(-5). Let u be c - ((3 - 56) + -1). Calculate the greatest common factor of u and 19.
19
Let x(l) = -l**3 + 6*l**2 + l + 1. Let h be x(6). Suppose 4*c + 99 = h*c. Suppose -4*v + 83 = -c. Calculate the highest common divisor of v and 29.
29
Let h = -64 + 27. Let n = h + 49. Let s = 2 - -2. What is the greatest common factor of s and n?
4
Let s(i) = -17*i**2 + i - 1. Let w be s(-2). Let k = -35 - w. Suppose 0*v = 3*v - 54. What is the highest common divisor of k and v?
18
Let t = 3431 - 3398. Suppose 4*y - 8*y + 1056 = 0. What is the highest common factor of y and t?
33
Let m be 68/(-51)*3/(-1). What is the greatest common factor of m and 106?
2
Let p(v) = 2*v**2 + 12*v - 14. Suppose 7*n + 40 = 3*n - 4*i, 0 = -2*n + i - 23. Let j be p(n). Calculate the highest common divisor of j and 24.
24
Let n = 426 + -370. What is the highest common factor of n and 40?
8
Let l be 1/4 + -4 + (-46)/(-8). Suppose -v + 51 = 4*k - 2*v, k - l*v = 11. What is the highest common factor of k and 143?
13
Let u be (10/(-15))/((-3)/(-9)). Let f be 0*(-1 - 0)/u. Suppose f = 3*q - 77 - 22. Calculate the highest common factor of q and 132.
33
Suppose 0 + 6 = w. Suppose 0 = -3*q + 12 + w. Let s(m) = m**3 - 7*m**2 + 6*m + 3. Let k be s(q). What is the highest common factor of k and 3?
3
Let g be ((-3267)/44)/((-6)/16). Suppose -3*d + 72 = -g. What is the highest common factor of d and 18?
18
Let p(x) = x**3 + 8*x**2 + x + 11. Let l be p(-8). Suppose -3*m + 8*j - 170 = 4*j, 2*j = 10. Let u = m - -59. What is the highest common divisor of l and u?
3
Let z(h) = 3 - 8 + 8*h - 3. Suppose -4*c + 13 = -23. Let t be z(c). What is the greatest common factor of 8 and t?
8
Let m = -82 - -94. Let z be (-4*(3 - 10))/(m/66). What is the greatest common factor of 7 and z?
7
Let m = 133 - 89. Let o be 48/4 + 3/1. Suppose 0 = -5*v + 95 + o. What is the highest common divisor of m and v?
22
Let i = -178 + 203. Let v be (-5)/20 - (-461)/4. Let p = -40 + v. What is the highest common divisor of p and i?
25
Let t be (-12)/3*-1*9/4. Suppose 168 = 4*m - 300. Calculate the highest common factor of m and t.
9
Let y = 89 + -167. Let n = y - -111. Calculate the greatest common factor of 132 and n.
33
Let o = 440 - 182. Let j be ((-14)/21)/((-2)/2952). Suppose -4*a + j = -4*c, a - c - 3*c - o = 0. Calculate the greatest common factor of 22 and a.
22
Let v be 12*(0 + 0 - (-15)/6). Let a be v + (0/1)/(-4). Calculate the greatest common divisor of a and 60.
30
Let l(q) = -4*q**3 + 3*q**3 + q + q + 5 + 10*q**2 - 4. Let n be l(10). What is the greatest common factor of 28 and n?
7
Suppose 2*u - 113 = u - 5*r, -2*u + 254 = -4*r. Let o = -83 + u. Calculate the highest common divisor of o and 320.
40
Suppose 3 - 7 = 2*q. Let r be (-7)/q - 9/18. Calculate the highest common factor of 3 and r.
3
Let v(p) = 83*p**2 + 6*p + 3. Let u = 114 + -116. Let r be v(u). Calculate the greatest common divisor of r and 19.
19
Suppose 0 = -6*x - 6*x - 324. Let z = -13 - x. What is the greatest common factor of z and 2?
2
Let l be (-18)/(-10)*(-15)/(-9) + 55. Suppose 92 = u + r, -5*u + 334 = -5*r - 76. Calculate the greatest common factor of l and u.
29
Let o(n) = 19 + n**3 + 10*n**2 + 2*n**2 - 3*n - 8*n. Let h be o(-13). Let q be (-2)/(-2)*(73 + h). Calculate the highest common divisor of q and 6.
6
Suppose 2*r - 7*r + 75 = 0. Let k = -1084 + 1087. Suppose y - k = r. Calculate the greatest common factor of 27 and y.
9
Let j = 577 + -291. Suppose -4*k = 16, 0 = -q - 4*k - 7 + 17. Calculate the highest common factor of q and j.
26
Let l(t) = -57*t - 190. Let r be l(-8). What is the greatest common divisor of r and 28?
14
Suppose -1008*u + 1002*u = -3510. What is the greatest common divisor of u and 10?
5
Let c = -546 + 549. Let r = 10 + -4. Calculate the greatest common factor of r and c.
3
Let q(x) = x**2 + 3*x. Let g be q(-3). Suppose g = 32*i - 27*i - 80. Calculate the highest common factor of 32 and i.
16
Let j(t) = -t**2 - 3*t + 29. Let f be j(-8). Let l = f - -18. Calculate the greatest common factor of 63 and l.
7
Suppose 2*o + 8 = 0, -20*o = 4*w - 25*o - 320. Calculate the greatest common factor of w and 120.
15
Let a(o) = 2*o + 5. Let x be a(6). Suppose 0 = 2*d - 6*d + 1428. Suppose d = w + 2*w. What is the greatest common factor of x and w?
17
Suppose -v + 4*u + 20 = 0, 5*v - 19 = -3*u + 12. Let j = v - 3. Let q = 1 + j. Calculate the highest common factor of q and 24.
6
Suppose w = 5*a - 4*w - 225, 3*a + w - 123 = 0. Let b be (-508)/(-18) + (21/27 - 1). Calculate the highest common factor of b and a.
14
Let w(m) = m**3 - 2*m**2 - m + 3. Let y be w(4). Let c = 88 - y. What is the greatest common divisor of 228 and c?
57
Suppose 23*v = 18*v + 15, -5*o = -3*v - 1. Let r(x) = 2*x**2 - 2*x - 2. Let u be r(-3). What is the greatest common divisor of u and o?
2
Let g = 412 - 123. What is the greatest common factor of 34 and g?
17
Suppose 5*k - 337 + 162 = 0. What is the greatest common divisor of 56 and k?
7
Let b(r) = 4*r**3 + 3*r**3 + 0*r**2 - 6*r**3 + 9 + 2*r - 9*r**2. Let s be b(9). What is the greatest common factor of s and 18?
9
Let l = -4 + 29. Suppose 0 = y - 64 + l. What is the highest common divisor of 156 and y?
39
Let b = 492 + -422. What is the greatest common divisor of 490 and b?
70
Suppose -5*n - 303 - 207 = -4*k, -3*k = n - 373. Let g be 474/5 + (-6)/(-30). Suppose k = 2*s - g. Calculate the greatest common divisor of 10 and s.
10
Suppose 0 = i + 4*x - 11, -11*i + 9*i - 5*x + 16 = 0. Suppose -8*s = -i*s + 5*m - 60, 0 = -4*s - 2*m + 40. What is the greatest common divisor of s and 32?
8
Suppose 0 = -x - x + 26. Suppose -5*z + 27 = -x. Suppose -3*f = -z - 19. What is the highest common factor of 3 and f?
3
Let x = 56 - 28. Let v = x - 16. Calculate the greatest common factor of v and 18.
6
Suppose 5*p - 15 = 0, 2*m + 0*p - p - 79 = 0. Suppose -b = 2*a - 0*b - 34, 3*a - b = m. What is the greatest common divisor of 6 and a?
3
Let a be 28/6 - (-8)/(-12). Let r = -1 + a. Suppose i - 4*f + 17 = f, -r*i - 4*f + 25 = 0. What is the greatest common factor of i and 27?
3
Let f = -320 + 723. Calculate the highest common factor of f and 31.
31
Suppose -r - 5*g + 65 = 0, -10*g = -11*g - 5. What is the greatest common divisor of 50 and r?
10
Let l be (0 - -42)*1/(-2). Let j = l - -32. Suppose 168*d - 167*d - 41 = 4*m, -2*m = 5*d - 161. What is the greatest common divisor of d and j?
11
Suppose b - 39 = -5*k + 10, 87 = 3*b + 3*k. What is the greatest common divisor of b and 204?
12
Let w be (4 - 44/8)*-4. What is the greatest common factor of 237 and w?
3
Suppose 0 = 4*q - 4*g - 56, q - 5*q - g + 66 = 0. Let p be q*(3 + (-15)/12). What is the greatest common factor of p and 14?
14
Suppose 5*d + 12 + 3 = 5*h, -2*h + 6 = -3*d. Suppose d = -i + 2*i. Let b = i + 2. Calculate the highest common divisor of 2 and b.
2
Let g = 37 - 69. Let q = -30 - g. What is the highest common factor of q and 2?
2
Let r be 1/(-1)*(-76 - -65). Suppose q + q = 6. Suppose a - 440 = -q*a. Calculate the highest common factor of r and a.
11
Let